and 5018968.
46
What is the greatest common factor of 120 and 58935?
15
Calculate the greatest common divisor of 74871 and 354.
177
What is the highest common factor of 150982 and 52?
26
What is the highest common factor of 46 and 2703?
1
Calculate the highest common factor of 48 and 108348.
12
Calculate the greatest common divisor of 8974 and 427.
7
Calculate the highest common divisor of 193 and 398931.
193
Calculate the greatest common divisor of 5052 and 804.
12
What is the greatest common divisor of 1827 and 8787?
87
What is the highest common divisor of 704 and 122336?
32
Calculate the highest common factor of 450 and 112500.
450
Calculate the highest common divisor of 1888 and 160.
32
What is the greatest common factor of 110890 and 50?
10
What is the greatest common factor of 416 and 6266?
26
What is the greatest common factor of 1688024 and 26?
26
Calculate the greatest common factor of 123 and 65846.
41
Calculate the greatest common divisor of 5768 and 4046.
14
What is the highest common divisor of 41454 and 532?
14
Calculate the greatest common factor of 17065 and 86.
1
Calculate the greatest common factor of 78370 and 20.
10
What is the highest common factor of 59179 and 26381?
713
Calculate the greatest common divisor of 983924 and 4.
4
What is the highest common factor of 20517 and 3?
3
What is the highest common factor of 5 and 86660?
5
Calculate the highest common divisor of 252224 and 96.
32
Calculate the greatest common factor of 5763 and 21018.
339
What is the greatest common divisor of 1058484 and 72?
12
Calculate the highest common factor of 11186 and 658.
658
What is the highest common divisor of 197326 and 2?
2
Calculate the highest common factor of 495 and 103785.
165
What is the greatest common divisor of 1560 and 31590?
390
What is the highest common divisor of 119 and 244069?
119
What is the highest common factor of 89040 and 900?
60
Calculate the highest common factor of 63858 and 696.
174
What is the highest common divisor of 320 and 28830?
10
Calculate the greatest common factor of 1464 and 734379.
183
What is the greatest common factor of 39591 and 18?
9
Calculate the greatest common factor of 407 and 44.
11
What is the greatest common factor of 11790 and 5760?
90
Calculate the greatest common factor of 28105 and 10.
5
Calculate the greatest common factor of 268680 and 64.
8
What is the highest common divisor of 126 and 7823970?
126
What is the highest common factor of 4545 and 19190?
505
What is the highest common divisor of 1121 and 34279?
59
What is the highest common factor of 26071 and 6119?
29
What is the highest common factor of 38080 and 11560?
680
Calculate the highest common divisor of 106453 and 1.
1
Calculate the greatest common factor of 772 and 78.
2
Calculate the greatest common factor of 1657930 and 290.
290
What is the highest common factor of 11176917 and 939?
939
Calculate the greatest common divisor of 1380 and 14730.
30
What is the highest common factor of 4337394 and 6?
6
What is the highest common factor of 55426 and 296?
74
Calculate the greatest common factor of 13 and 9323.
1
What is the highest common divisor of 45809 and 19?
19
Calculate the highest common divisor of 75506 and 38.
38
What is the highest common divisor of 560 and 54980?
20
What is the highest common factor of 7032 and 696?
24
What is the highest common factor of 422 and 16?
2
Calculate the highest common factor of 6354685 and 85.
85
What is the greatest common divisor of 113 and 180461?
113
Calculate the greatest common divisor of 676 and 30316.
52
Calculate the greatest common divisor of 9666 and 47412.
54
Calculate the highest common divisor of 438 and 390550.
146
Calculate the highest common divisor of 1566 and 7772.
58
Calculate the greatest common factor of 2716 and 258117.
97
Calculate the greatest common factor of 145233 and 1215.
81
What is the greatest common factor of 1545 and 34917?
309
Calculate the greatest common divisor of 35910 and 135432.
1026
Calculate the highest common divisor of 58 and 43471.
29
What is the highest common factor of 4463044 and 136?
68
Calculate the greatest common factor of 5120 and 976.
16
What is the greatest common factor of 134960 and 320?
80
Calculate the highest common factor of 1344 and 1008.
336
Calculate the greatest common factor of 868 and 30132.
124
Calculate the greatest common factor of 161946 and 216.
54
What is the highest common factor of 196 and 604?
4
What is the highest common factor of 162540 and 86?
86
Calculate the highest common factor of 520 and 168.
8
Calculate the greatest common factor of 24 and 2320296.
24
Calculate the highest common factor of 126 and 31554.
18
Calculate the greatest common divisor of 1250 and 33430.
10
Calculate the highest common divisor of 19700 and 12.
4
What is the highest common factor of 49679 and 14?
7
Calculate the highest common divisor of 529 and 54395.
23
What is the highest common divisor of 282 and 1982742?
282
What is the highest common factor of 317 and 205099?
317
What is the greatest common divisor of 101514 and 294?
42
What is the greatest common divisor of 1395 and 30?
15
What is the greatest common divisor of 11 and 739717?
11
What is the highest common factor of 1521 and 210?
3
Calculate the highest common divisor of 4234626 and 1188.
594
What is the greatest common divisor of 141546 and 62?
62
Calculate the greatest common factor of 15251 and 302.
151
Calculate the highest common divisor of 3071 and 13579.
37
Calculate the greatest common divisor of 53 and 222.
1
What is the greatest common factor of 111 and 1094201?
37
Calculate the greatest common factor of 69432 and 2552.
88
What is the highest common divisor of 5376 and 9344?
128
What is the highest common factor of 110 and 4405060?
110
What is the highest common factor of 174796 and 2492?
356
Calculate the highest common factor of 20 and 47330.
10
What is the highest common factor of 128731 and 2001?
667
Calculate the greatest common factor of 285 and 641820.
285
Calculate the greatest common divisor of 26709 and 10237.
29
What is the greatest common divisor of 3443 and 869?
11
Calculate the highest common factor of 728 and 742.
14
What is the highest common factor of 28 and 702268?
28
Calculate the greatest common factor of 371 and 311269.
371
Calculate the greatest common divisor of 497650 and 10175.
925
Calculate the highest common factor of 2681102 and 284.
142
What is the greatest common factor of 558 and 60?
6
What is the highest common factor of 5 and 186235?
5
Calculate the highest common divisor of 176 and 446699.
11
Calculate the highest common divisor of 965970 and 50.
10
Calculate the highest common factor of 202 and 3048988.
202
What is the greatest common divisor of 19923 and 55647?
687
Calculate the highest common factor of 1485 and 26865.
135
Calculate the highest common divisor of 902 and 57974.
82
What is the highest common divisor of 1734 and 3174?
6
Calculate the highest common divisor of 3 and 7643.
1
What is the greatest common factor of 37 and 4925?
1
What is the highest common divisor of 31964 and 25742?
122
Calculate the highest common factor of 688 and 205368.
344
Calculate the highest common divisor of 10 and 40070.
10
What is the highest common factor of 188 and 1739?
47
What is the highest common divisor of 1376466 and 14?
14
Calculate the greatest common factor of 1209 and 32271.
93
Calculate the greatest common divisor of 266 and 15386.
14
What is the greatest common divisor of 5024 and 5809?
157
Calculate the highest common divisor of 11 and 87835.
11
What is the greatest common factor of 48739 and 51850?
1037
Calculate the greatest common factor of 1748 and 183977.
437
What is the greatest common divisor of 118496 and 2240?
224
Calculate the highest common factor of 58022 and 536.
134
What is the highest common factor of 1080 and 201816?
72
What is the greatest common divisor of 622 and 1544?
2
Calculate the highest common divisor of 1368 and 1071.
9
Calculate the greatest common divisor of 805 and 681145.
115
Calculate the highest common factor of 2915 and 251273.
583
Calculate the greatest common factor of 3743 and 130808.
197
What is the greatest common factor of 1390 and 50760?
10
Calculate the greatest common divisor